{"id":776,"date":"2020-05-24T20:13:47","date_gmt":"2020-05-24T20:13:47","guid":{"rendered":"http:\/\/wp.tierarztpraxis-bernauer.de\/?page_id=776"},"modified":"2024-03-06T08:21:48","modified_gmt":"2024-03-06T08:21:48","slug":"oeffnungszeiten","status":"publish","type":"page","link":"https:\/\/www.tierarztpraxis-bernauer.de\/?page_id=776","title":{"rendered":"\u00d6ffnungszeiten \/ Terminvereinbarung"},"content":{"rendered":"\n<div style=\"height:20px\" aria-hidden=\"true\" class=\"wp-block-spacer\"><\/div>\n\n\n\n<h6 class=\"wp-block-heading\"><strong>Termine nach Vereinbarung<br>unter&nbsp;<a href=\"tel:+4975789339300\">07578 9339300<\/a><\/strong><\/h6>\n\n\n\n<div style=\"height:20px\" aria-hidden=\"true\" class=\"wp-block-spacer\"><\/div>\n\n\n\n<p><strong>Mo.\u00a0&#8211;\u00a0Fr.\u00a0\u00a0\u00a0\u00a0\u00a08:00\u00a0\u00a0bis\u00a0\u00a012:00\u00a0Uhr<\/strong><br><strong>Mo.\u00a0&#8211;\u00a0Fr.\u00a0\u00a0\u00a014:30\u00a0\u00a0bis\u00a0\u00a018:00\u00a0Uhr<\/strong><br><\/p>\n\n\n\n<div style=\"height:20px\" aria-hidden=\"true\" class=\"wp-block-spacer\"><\/div>\n\n\n\n<div class=\"wp-block-columns is-layout-flex wp-container-core-columns-is-layout-1 wp-block-columns-is-layout-flex\">\n<div class=\"wp-block-column is-layout-flow wp-block-column-is-layout-flow\" style=\"flex-basis:100%\">\n<p><strong>F\u00fcr Notf\u00e4llen ausserhalb der Sprechzeiten sind wir f\u00fcr <span style=\"text-decoration: underline;\"><mark style=\"background-color:rgba(0, 0, 0, 0);color:#695b49\" class=\"has-inline-color\">unsere Kunden <\/mark><\/span>24&nbsp;h erreichbar,<br>wir bitten jedoch um eine&nbsp;telefonische Anmeldung unter Telefon <a href=\"tel:+4975789339300\">07578 9339300<\/a>.<\/strong><\/p>\n<\/div>\n<\/div>\n\n\n\n<p>Au\u00dferhalb der \u00d6ffnungszeiten wird auf dem Praxisanrufbeantworter&nbsp;die Handynummer<br>unserer Tier\u00e4rztinnen angegeben.<\/p>\n\n\n\n<p>Bitte haben Sie Verst\u00e4ndnis, dass die 24 h Erreichbarkeit im Notfall nur f\u00fcr Kunden<br>bzw. deren Tiere gilt, die wir bereits einmal in unserer Praxis betreut haben und<br>die damit bereits unsere Kunden sind.<\/p>\n\n\n\n<p>Neukunden bitten wir zun\u00e4chst, alle anderen Hilfem\u00f6glichkeiten z.B. bei Ihrem<br>Tierarzt abzukl\u00e4ren. Vielen Dank.<\/p>\n","protected":false},"excerpt":{"rendered":"<p>Termine nach Vereinbarungunter&nbsp;07578 9339300 Mo.\u00a0&#8211;\u00a0Fr.\u00a0\u00a0\u00a0\u00a0\u00a08:00\u00a0\u00a0bis\u00a0\u00a012:00\u00a0UhrMo.\u00a0&#8211;\u00a0Fr.\u00a0\u00a0\u00a014:30\u00a0\u00a0bis\u00a0\u00a018:00\u00a0Uhr F\u00fcr Notf\u00e4llen ausserhalb der Sprechzeiten sind wir f\u00fcr unsere Kunden 24&nbsp;h erreichbar,wir bitten jedoch um eine&nbsp;telefonische Anmeldung unter Telefon 07578 9339300. Au\u00dferhalb der \u00d6ffnungszeiten wird auf dem Praxisanrufbeantworter&nbsp;die Handynummerunserer Tier\u00e4rztinnen angegeben. Bitte haben Sie Verst\u00e4ndnis, dass die 24 h Erreichbarkeit im Notfall nur f\u00fcr Kundenbzw. deren Tiere gilt, die wir bereits einmal in unserer Praxis betreut haben unddie damit bereits unsere Kunden sind. Neukunden bitten wir zun\u00e4chst, alle anderen Hilfem\u00f6glichkeiten z.B. bei IhremTierarzt abzukl\u00e4ren. Vielen Dank.<\/p>\n","protected":false},"author":1,"featured_media":0,"parent":627,"menu_order":0,"comment_status":"closed","ping_status":"closed","template":"","meta":{"advanced_seo_description":"","jetpack_seo_html_title":"","jetpack_seo_noindex":false,"footnotes":""},"class_list":["post-776","page","type-page","status-publish","hentry"],"jetpack_sharing_enabled":true,"_links":{"self":[{"href":"https:\/\/www.tierarztpraxis-bernauer.de\/index.php?rest_route=\/wp\/v2\/pages\/776"}],"collection":[{"href":"https:\/\/www.tierarztpraxis-bernauer.de\/index.php?rest_route=\/wp\/v2\/pages"}],"about":[{"href":"https:\/\/www.tierarztpraxis-bernauer.de\/index.php?rest_route=\/wp\/v2\/types\/page"}],"author":[{"embeddable":true,"href":"https:\/\/www.tierarztpraxis-bernauer.de\/index.php?rest_route=\/wp\/v2\/users\/1"}],"replies":[{"embeddable":true,"href":"https:\/\/www.tierarztpraxis-bernauer.de\/index.php?rest_route=%2Fwp%2Fv2%2Fcomments&post=776"}],"version-history":[{"count":86,"href":"https:\/\/www.tierarztpraxis-bernauer.de\/index.php?rest_route=\/wp\/v2\/pages\/776\/revisions"}],"predecessor-version":[{"id":1870,"href":"https:\/\/www.tierarztpraxis-bernauer.de\/index.php?rest_route=\/wp\/v2\/pages\/776\/revisions\/1870"}],"up":[{"embeddable":true,"href":"https:\/\/www.tierarztpraxis-bernauer.de\/index.php?rest_route=\/wp\/v2\/pages\/627"}],"wp:attachment":[{"href":"https:\/\/www.tierarztpraxis-bernauer.de\/index.php?rest_route=%2Fwp%2Fv2%2Fmedia&parent=776"}],"curies":[{"name":"wp","href":"https:\/\/api.w.org\/{rel}","templated":true}]}}